 = 126. What is the greatest common divisor of o and q?
14
Let z = 0 + -4. Let x be 18/(-15)*-5 + z. Suppose -c = -x*c + 40. What is the greatest common factor of 10 and c?
10
Let m = 204 - 199. What is the highest common factor of 40 and m?
5
Let y = -83 - -84. Suppose -q = -y, -3*z - 5*q + 55 = -2*z. What is the highest common factor of z and 50?
50
Let f(h) = h - 3. Let x be f(3). Suppose 3*j - v - 26 = x, -3*v + 22 = -5*j + 64. Let d = 39 - j. Calculate the greatest common divisor of 20 and d.
10
Let j be 4/(-2) - (-2 + -25). Let k(v) = j*v + 22*v - 43*v - 2. Let z be k(4). What is the highest common divisor of z and 28?
14
Suppose 24 = -0*n + 3*n. What is the highest common factor of 104 and n?
8
Let c be 3 - (1 + (-5 - -3)). Suppose 5*f - c*f = 8. Calculate the highest common factor of f and 1.
1
Let f(g) = -9*g + 12. Let k be f(-4). Suppose 0 = y + 21 - k. Calculate the greatest common factor of y and 18.
9
Let z = 591 + -448. What is the greatest common divisor of z and 13?
13
Let a be ((-18)/(-15))/(6/40). Suppose 2*k - 3*h + 3 = -a*h, -k + h = -9. Calculate the highest common factor of k and 9.
3
Let f(r) = -3*r - 1. Let h be f(-2). Let v = 7 - 2. Calculate the highest common divisor of h and v.
5
Suppose m - 220 = 6. Calculate the greatest common factor of m and 2.
2
Let a(z) = -11*z. Let l(o) = o**2 - 6*o - 6. Let p be l(5). Let d be a(p). Let g be (3 + -1)/(-2)*-11. What is the greatest common factor of g and d?
11
Let m = 6743 - 4097. What is the highest common factor of m and 54?
54
Suppose 11*q - 6*q = 3*b + 27, -3*b = -3*q + 21. Let a = q - -3. What is the greatest common divisor of a and 3?
3
Suppose 25*f + 16*f = 4018. What is the greatest common factor of 112 and f?
14
Suppose -a - 151 = 5*x, -9*a + 5*x = -14*a - 855. Let d = a - -263. Calculate the greatest common divisor of d and 29.
29
Let s = 1465 + -1429. Suppose -8 = m + 5*j - 265, 3*j - 1263 = -5*m. Calculate the greatest common factor of m and s.
36
Let d be -2 + (-1 - -111) - (-4)/1. What is the highest common divisor of d and 28?
28
Let n be 22*((12 - 0) + -11). Let m be ((-11)/2)/((-2)/40). Calculate the highest common factor of n and m.
22
Suppose -16*t + 408 = 88. Calculate the highest common divisor of 290 and t.
10
Let p = -255 - -271. What is the greatest common divisor of p and 2176?
16
Let o be ((-25)/15)/(30/(-216)). Calculate the highest common factor of 63 and o.
3
Let i be (35/(-4))/(-1 - 69/(-72)). Suppose -2*a = -3*j - 45, -2*a = 2*j - 0*j - 20. Calculate the greatest common factor of i and a.
15
Let t = 388 - 381. What is the highest common divisor of 329 and t?
7
Let s be (-48)/9*((-21)/2 + 3). What is the highest common divisor of s and 8?
8
Let f = 97 - 37. Suppose 0 = -2*t - 4*t + f. What is the greatest common divisor of 130 and t?
10
Let m(o) = o**3 - o**2 - o + 74. Let q be m(0). Let h = q + -72. Calculate the greatest common divisor of h and 18.
2
Let h be (-10)/(-15)*(-222)/4. Let n = -37 - h. Suppose 112 + n = 2*a. What is the highest common divisor of 7 and a?
7
Let r(i) be the third derivative of 19/6*i**3 + 0*i + 1/60*i**5 + 4*i**2 - 13/24*i**4 + 0. Let u be r(14). What is the greatest common divisor of u and 3?
3
Let o be 62/10 - 3 - 1/5. Suppose 0 = o*s - 15, -b - 3*s = -4*b + 165. Calculate the greatest common factor of b and 24.
12
Suppose 0*c - 18 = -2*c. Suppose 5*f = c*f - 16. What is the greatest common divisor of f and 44?
4
Let x be 5/(-20) - ((-425)/(-20))/(-5). Calculate the greatest common divisor of x and 6.
2
Suppose w + 2*c = 2*w + 6, -2*w + c = 0. Let b be (15/(-4))/(3/12). Let m = 25 + b. What is the highest common divisor of m and w?
2
Suppose 0 = 21*x + 105 - 4200. What is the greatest common divisor of 45 and x?
15
Suppose 5*o - 180 = 135. Suppose o = 3*f + 3. What is the greatest common divisor of f and 8?
4
Suppose -28*w + 29*w = 168. What is the greatest common divisor of 56 and w?
56
Let h be (-195)/(-6)*4/5. Let f = 133 - 71. Let s = f - h. What is the highest common factor of 54 and s?
18
Let w(g) = -g**3 + g - 4. Let i be w(-8). Calculate the greatest common divisor of i and 40.
20
Let g(k) = 36*k**3. Let i be g(1). Let l be 6 + -9 + 0 + i. What is the greatest common divisor of 3 and l?
3
Suppose 4*d - 184 = 2*n + 146, 3*d - 240 = 4*n. Calculate the highest common divisor of 924 and d.
84
Let o be 112/(-6)*18/12. Let g = o + 51. What is the greatest common factor of g and 1?
1
Let b = -17 + 28. Suppose c = 2*c - 267. Let s = c + -179. Calculate the greatest common divisor of s and b.
11
Let n = -33 - -45. Let v be (-128)/(-5) - n/(-30). What is the highest common divisor of v and 78?
26
Suppose -12 = -2*q - 2*q, -3*n = -5*q - 3. Let j be 2/(n/75) - -3. Let l = -17 + 31. Calculate the highest common factor of l and j.
14
Suppose 0 = 2*v - 2, 3*r - 8*r - 191 = 4*v. Let s be ((-3)/(-2))/((-3)/(-4)). Let z be (1 + s)*(-416)/r. What is the highest common factor of z and 8?
8
Let d = 968 + -825. What is the greatest common factor of 77 and d?
11
Suppose -747 + 565 = -13*a. What is the highest common divisor of a and 917?
7
Let w be ((-513)/12)/((-9)/(-24)). Let r = -64 - w. Suppose -2*v + r = 3*v. Calculate the highest common factor of v and 50.
10
Let b be (9 - (-7 - -5))*7. Calculate the greatest common divisor of b and 112.
7
Let g = -12 + 22. Let u(q) = q**2 - 22*q - 2. Let d be u(g). Let z = -66 - d. Calculate the greatest common factor of 14 and z.
14
Suppose -10*x + 1375 = -5*x. Calculate the highest common divisor of x and 75.
25
Let n = -175 + 266. Calculate the highest common divisor of 7 and n.
7
Let m = -1154 - -1721. What is the greatest common divisor of 7 and m?
7
Let k(w) = 3*w**2 - 7*w - 8. Let a be k(-3). Suppose 41*f + a = 46*f. Calculate the greatest common factor of f and 2.
2
Let d be 20/45*-3 - (-1936)/3. Let r = -196 + d. What is the greatest common divisor of r and 64?
64
Let w be (-1 + 0 + -1)/(14/(-49)). Let c(i) = -i**3 + 6*i**2 + 10*i - 10. Let v be c(w). Calculate the highest common factor of 33 and v.
11
Let k be ((-15)/3 + -5 + 11)*162. Calculate the highest common divisor of k and 18.
18
Let g(x) = 2*x - 7. Let u be g(7). Let i be (-3 - -10)*1/1. Suppose -8*w = -i*w - 1. What is the highest common factor of w and u?
1
Let z be (-7)/(238/(-4)) - 1630/(-17). What is the greatest common factor of 36 and z?
12
Let q = 81 + -63. Let v be -3 + (-12)/(-4) + 144. What is the highest common divisor of q and v?
18
Suppose -5*q + 12 + 13 = 0. Suppose -3*h = 3*f - q*h - 6, -3*h = -3*f + 9. Suppose 3*v - 3 - 3 = f. What is the greatest common factor of v and 16?
2
Let w be (-3)/(-9) + 110/(-15) + 19. Calculate the highest common divisor of w and 100.
4
Let s(u) = 33*u + 16. Let h be s(1). What is the highest common divisor of 63 and h?
7
Let k be 116/696 - 485/(-6). Calculate the greatest common divisor of k and 54.
27
Let g = 17 - 0. Let j(z) = z**2 - 25*z + 20. Let v be j(29). What is the greatest common divisor of v and g?
17
Let n = 274 - 94. Suppose -14*g = -5*g - n. What is the greatest common divisor of g and 220?
20
Let c be 2/4 + 15/10. Let s be (-7 + 6)/(c/(-4)). Let g(y) = -y**3 - 6*y**2 + 4*y - 5. Let z be g(-7). What is the highest common divisor of z and s?
2
Suppose -5*m = 27 - 157. Suppose 4*k + t = 67 + m, 33 = 2*k + 5*t. What is the greatest common factor of 60 and k?
12
Let v = -17 - -22. Suppose 5*r + 6 = -3*l + v*l, 5*r - 5*l = 0. Let w be 5/30*r*-63. Calculate the highest common divisor of w and 147.
21
Let g(f) = f**3 - 9*f**2 + 8*f + 1. Let w be g(8). Let c(z) = 3*z**2 + 4*z - 3. Let a be c(w). Calculate the highest common divisor of a and 12.
4
Suppose 4*h - 22*p + 20*p = 46, 4*p = 4*h - 48. What is the greatest common factor of 176 and h?
11
Let s = -431 - -481. What is the greatest common divisor of s and 90?
10
Let n = 47 + -43. Suppose 3*o + 11 = -4*f, 0*f + n*f + 26 = 2*o. Let i(k) = -k - 3. Let b be i(-4). Calculate the highest common divisor of o and b.
1
Let x(q) = q**3 - 5*q**2 + 8*q - 3. Let p be x(5). Calculate the highest common factor of 1073 and p.
37
Let a be (448/(-192))/(-2 + 1577/789). Calculate the greatest common divisor of 7 and a.
7
Let u = 278 - 264. Calculate the highest common divisor of u and 2.
2
Suppose k + 72 = 2*k - 3*i, -4*k + 296 = -